2 = 5*r - 2*q + 64. What are the prime factors of r?
2, 23
Let h = -130 - -149. Suppose -j = -5*x + 18, -5*j = -2*x + 8 + 13. Let p = j + h. List the prime factors of p.
2
Let h = 8 + 4. Suppose -h + 15 = b. Suppose 5 = 5*i - 15, -132 = -b*v + 3*i. List the prime factors of v.
2, 3
Let y(q) = -20*q + 17*q - 2*q**2 + q**2 + 79. Let g be -1 + 4*4/16. What are the prime factors of y(g)?
79
Suppose 2*d + 29*n = 34*n + 145301, -5*d - 4*n = -363137. List the prime factors of d.
3, 11, 31, 71
Suppose -4*i = 5*r + 26, 4*r + 5 = 4*i - 23. Let f be ((-33)/(-6) - 3)*r/(-3). Suppose 0*n + 294 = f*n + 2*m, 2*m + 66 = n. List the prime factors of n.
2, 3, 5
Suppose -10*y + 40128 = -7*y - 6*l, -l = 5*y - 66792. What are the prime factors of y?
2, 5, 167
Suppose -11 + 13 = -r. Let b be r/(-3 + 28/12). Suppose -6 = b*y + 6, -s - 4*y + 62 = 0. List the prime factors of s.
2, 3, 13
Let a = 212 - 138. Suppose -82*b + a*b + 4720 = 0. List the prime factors of b.
2, 5, 59
Let j(k) = -2*k**2 - 4*k - 2. Let b be j(-2). Let a be (b*(-3)/(-6))/(3/(-138)). Let x = a + 91. What are the prime factors of x?
137
Let i(r) = -1285*r - 3861. What are the prime factors of i(-51)?
2, 3, 19, 541
Suppose -11326 = -g - 5*m, 19*m - 20*m = 5*g - 56750. What are the prime factors of g?
11351
Suppose 4*l = -p - 3 + 34, 3*p + 3 = 0. Let v be 0*(-3 + 20/l). Suppose -2*b + 141 = -v*b + o, o - 357 = -5*b. What are the prime factors of b?
2, 3
Suppose 0 = 2*q + 3*q, -5*q - 8 = -2*j. Let c be (47 - (-2)/(-2))*295/118. Suppose 510 = j*y + 5*o + 76, y - 2*o = c. What are the prime factors of y?
3, 37
Let m be -1 - 228/(-39) - 8/(-52). Suppose m*p + 5*j + 1023 - 3073 = 0, 826 = 2*p + 4*j. What are the prime factors of p?
11, 37
Let q(y) = 9*y**3 - 8*y**2 - 45*y + 23. Let r be q(10). Suppose 26*n = r + 8607. List the prime factors of n.
2, 3, 5, 7
Let t(m) = -m**3 + 5*m**2 + m + 1. Let h be (-12 - -13)/(1/(-55)). Let u = h - -58. List the prime factors of t(u).
2, 11
Let p be 1*3 + (-8 + 7 - -5). Suppose 49 + p = -4*s. List the prime factors of (-140 - s)/(-1 + 0).
2, 3, 7
Suppose 4*l - 2*w - 6 = 0, 3*w - 44 = -29. What are the prime factors of 1720/l*5/10?
5, 43
Let c = -22570 - -71049. List the prime factors of c.
48479
Let b(s) = 7*s**2 - 70*s + 6. Let j be b(-29). Suppose -58*t + 22237 + j = 0. What are the prime factors of t?
2, 5, 13
List the prime factors of (5 + -12)/((-15)/8310).
2, 7, 277
Suppose -78 = -4*d + 110. Suppose 5*p + d = 72. Suppose 489 = 5*a + p*k - 6, 3*k = 5*a - 479. List the prime factors of a.
97
Suppose 13*w - 13*c = 14*w - 43084, -c - 129372 = -3*w. What are the prime factors of w?
29, 1487
Suppose -3*c + 15 = -84. Let l = -28 + c. Suppose -y + 5*y = -l*s + 241, 2*y - 2*s = 98. List the prime factors of y.
2, 3
What are the prime factors of 2 + (-84142)/(-4) + 69/138?
2, 67, 157
Suppose 2*v - 4*o - 20193 = 12249, -2*o = 4*v - 64914. What are the prime factors of v?
3, 601
Suppose -2*n = 2*c - 31772, 5*n - 35*c - 79418 = -34*c. List the prime factors of n.
2, 11, 19
Let w(r) = 157*r - 52. Let l be w(4). Suppose -105 = -u + l. List the prime factors of u.
3, 227
Suppose 4*n - 6 = -2*p + 2, 2*n - 12 = -5*p. Suppose -p*y - 380 + 1122 = 4*d, d + y - 188 = 0. What are the prime factors of d?
3, 61
Let o be -1*(-1 - (4 - 3 - 399)). Let d = o - -781. List the prime factors of d.
2, 3
Suppose -2*v + 3*q = -0*q - 29395, 4*v - 58769 = -q. List the prime factors of v.
7, 2099
Suppose 0 = 2*g - 5*g. Suppose 0*c + 2 = -2*c + 2*h, -3*c + 4*h = 8. Suppose g = -c*t - 20, 5*t = -2*x - 8 - 3. What are the prime factors of x?
7
Suppose 22*u - 16*u = 60. Suppose 0 = -5*b + 35 - u. Suppose 0 = 4*s, 5*s - s - 165 = -b*q. What are the prime factors of q?
3, 11
Let v be 585/60 + (-1)/(-4). Suppose 3*x - x - v = 0. Suppose -x*a - y = -495, -3*a = 5*y - 135 - 184. What are the prime factors of a?
2, 7
Suppose -78*v - 11*v + 159844 = 0. List the prime factors of v.
2, 449
Let p(l) = 27*l**2 + 9*l + 42. Let z be p(18). Suppose -34*n + z = -10*n. What are the prime factors of n?
373
What are the prime factors of (-618 + 0)/(36 + (-3998)/111)?
3, 37, 103
Let w be (-11)/(-7) - (-3 - (-18)/7). Suppose w*b = 0, 8*l = 3*l - 3*b - 15. What are the prime factors of 0 + (l - 1)/4 - -99?
2, 7
Let p = 74 - 27. Let k be 12 + p + (2 - 1). Let a = k + -36. What are the prime factors of a?
2, 3
Suppose -4*b + 2 = 6. Let z(k) = 153*k - 8. Let h(g) = 310*g - 17. Let s(w) = 6*h(w) - 13*z(w). List the prime factors of s(b).
131
Let v = -2 + 15. Suppose -12*r + v*r + 154 = 0. Let h = r - -279. What are the prime factors of h?
5
List the prime factors of 1*-2*(-269248)/224.
2, 601
Suppose 12*n + 24 = 8*n. Let t = n + 6. Suppose y - 2*v - 54 = t, -2*y - 2*y + 4*v + 220 = 0. List the prime factors of y.
2, 7
Let r be -1*3 - (14 - 248). Suppose 4*j - 3*l - r = 0, -4*j + j = 3*l - 147. What are the prime factors of (-2)/(-3)*j - 3?
3, 11
What are the prime factors of 64791/9 + (6/15)/((-3)/30)?
5, 1439
What are the prime factors of 51 + 39 + -91 + 1 + 30908?
2, 7727
Let n(a) be the third derivative of a**6/120 - a**5/4 - 13*a**4/24 - 5*a**3/3 - 11*a**2 - 2. List the prime factors of n(17).
347
Suppose -1906 - 294 = 5*t + 2*f, -4*t + 2*f - 1760 = 0. Let w = -98 - t. What are the prime factors of w?
2, 3, 19
Let v = -43 + 48. Let n = 9 - v. Suppose 0 = -f + 3*h + 87 - 23, -h = -n*f + 300. What are the prime factors of f?
2, 19
What are the prime factors of 2595/(-8)*(-60)/(-45)*208/(-10)?
2, 13, 173
List the prime factors of 185726/8 - (315/196 + 36/(-42)).
5, 4643
What are the prime factors of (16149 - -103) + (-7)/(-3)*3?
71, 229
Let q(u) = -6*u**3 - 8*u**2 - 14*u + 3. Let s be q(-6). Suppose -4*b - s = -9*b. Suppose 3*f = 4*k + 660, 3*k + b = f + 2*k. What are the prime factors of f?
2, 3
Suppose 2580 = 62*h - 528512. List the prime factors of h.
2, 4283
Let j(m) = 985*m - 58 - 1985*m + 992*m. List the prime factors of j(-21).
2, 5, 11
What are the prime factors of (15 + 6)/(-7) + 2389?
2, 1193
Let j(w) = -w**2 + 4*w. Let s(v) = -v**2 + 3*v + 22. Let i be s(6). Let h be j(i). What are the prime factors of 645/4 + (3/4 - h)?
2, 3
Suppose 1524 = 2*r + r. Suppose -u + r - 6 = -3*d, -5*d = 3*u + 846. Let o = 325 + d. What are the prime factors of o?
157
Suppose -3*h + 11675 = -5*b, 3*h + 3*b - 4715 = 6952. Suppose -3*c + 2334 = -26*g + 27*g, 5*c - 3*g = h. What are the prime factors of c?
2, 389
Let s(l) = 11*l**2 + 6*l + 26. Let t(v) = -24*v**2 - 12*v - 52. Let n(p) = 7*s(p) + 3*t(p). List the prime factors of n(-8).
2, 149
Suppose 0 = x + 5*o + 15, 7*x - 4*x + 4*o + 1 = 0. Suppose -716 = -2*b + 2*m - m, -4*b + x*m = -1444. Suppose 8*h = 348 + b. What are the prime factors of h?
2, 11
Let x be ((-2)/(-12)*3*0)/2. Suppose 6*f + x*f = 582. Suppose 2*t - f = -43. What are the prime factors of t?
3
Let o(l) = -2*l**3 + 2*l**2 - 8*l + 130. List the prime factors of o(0).
2, 5, 13
Suppose 4*y + 3348 = 8*y. Suppose -2*j + y = 3*b, -5*b + 5*j = 3*j - 1411. List the prime factors of b.
281
Let r(o) = o**2 + 4*o + 7. Let i be r(-5). Suppose -337 = -3*n - 265. Let k = n - i. List the prime factors of k.
2, 3
Suppose 2*p = p + 108. Suppose -2*x - 2*y = -182, p = 5*x - 5*y - 387. Let j = 182 - x. List the prime factors of j.
3, 29
Suppose 11 - 43 = 4*q. What are the prime factors of 2/q - 9248/(-128)?
2, 3
Suppose 5*v + 3*r - 376 = 0, 2*v + 0*r - 142 = 3*r. Suppose 2*h - h = 4*o + v, 352 = 5*h - 2*o. List the prime factors of 39 - (1/5 - h/(-25)).
2, 3
Suppose 0 = -79*x + 438055 - 116629 + 858834. What are the prime factors of x?
2, 3, 5, 83
Suppose 3438 - 26811 = -7*f. Suppose -25*b + f = -2161. What are the prime factors of b?
2, 5, 11
Let n = 314 + -312. Suppose 0 = 2*v - n*u - 2*u - 312, -5*u = v - 128. What are the prime factors of v?
2, 37
Suppose -11*g - 11 = -55. Suppose -j - 76 = -3*a + a, 2*a + 314 = -g*j. List the prime factors of (-4)/(-16) - j/8.
2, 5
Let o(s) be the second derivative of s**3/6 - 14*s**2 + 5*s. Let m be o(30). Suppose -6 = -m*y, w - 2*y - 315 = -42. List the prime factors of w.
3, 31
Let b = -823 - -1516. Suppose 2*h = b + 687. List the prime factors of h.
2, 3, 5, 23
List the prime factors of 8 + 6074 + -5 + 11.
2, 761
Suppose 0 = -2*c + 35 - 31. Suppose -y - c*u = -69 - 26, -4*u = 4*y - 376. Suppose